 (15 + -13)) + 0 - 3.
21
What is -101 + 178 + -204 - -118?
-9
Calculate (2692 - 2726) + 44 + 0.
10
Evaluate -210 + 243 + (-127 - -1).
-93
What is the value of 29 - (-12 + -18 + 63 + -15) - (18 - 7)?
0
Calculate 53 - (7 - (17 + -77)).
-14
Evaluate 20 + -73 - (133 + -178).
-8
Evaluate 10 + (16 - (-10 - -16)) + 20 + 1.
41
What is 16 - (-10 - -9 - -36) - -7 - 52?
-64
Calculate -2 + ((7 - 2) + 2 - -1) + 7804 + -7814.
-4
What is 69 - (-88 - (-238 + -23))?
-104
Calculate -40 + (-32 - -81) + -40.
-31
-13 + (17 - 21) + 45 + 13
41
Evaluate 45 - (-5 - -6 - 6) - (-258 + 254).
54
Calculate 0 - (41 + 1 + 3 + (-13 - (-6 - -4))).
-34
What is the value of -4 + (-24 - (6 + 8 + -1)) + (-11 - -2)?
-50
Evaluate -11 - -34 - 43 - 34.
-54
Evaluate -18 + 25 - (15 + -24).
16
Evaluate (-18 - 26) + 44 + -4 + (36 - 5).
27
Calculate 1 - -44 - (-676 + 720).
1
What is the value of 12 + -147 + (-617 - -668)?
-84
What is (24 + -16 - (-1 + (10 - -90) - 3)) + 2?
-86
Calculate -116 - -23 - 8 - -187.
86
What is the value of -7 - 16 - (-253 + 205)?
25
What is -30 - -53 - 25 - 28?
-30
-8 + 4 - (-7 - -1 - (-10 + 1))
-7
Calculate 10 + (0 - -18) + (-16 - (-26 + 117)).
-79
Calculate 51 - (18 + (-15 - -27) - (7 + 18)).
46
15328 - 15380 - (-32 + 0 + 2)
-22
What is 70 + 1 - (-708 + 721 + (-12 - -1) + 2)?
67
What is the value of 2 + (7 - 4) - -100 - (122 + -103)?
86
156 - (54 + 121) - ((0 - -2) + 19)
-40
Evaluate 3 - -31 - (-597 - -557).
74
Calculate (-7 - (-8 + -3 - -20) - -14) + -86 + -1.
-89
Evaluate (27 - 30) + (-4 + 0 - (121 - (23 + -13))).
-118
-44 - ((18 - 1) + (11 - 27) + -18)
-27
6 + 14 + (10 + -3 - 22) + 3
8
Evaluate -2 + (127 - 56) + (-3 - 10) + (-11 - -17).
62
((0 - 0) + -195 + 198 - 6) + 0
-3
Calculate 0 + -46 + 1169 + -1141.
-18
(211 + -220 - (0 - 5)) + -25
-29
What is 21 + 15 - 7 - 16?
13
What is 0 - (19 + (-11 - (-25 + 11 + 7)))?
-15
What is -18 + 2 - 1 - (399 - 540) - (-15 - 0)?
139
Evaluate 0 + 1 + (23 - (-9 - (-11 - 1))).
21
Calculate 63 + -119 + (67 - 70) + (2 - -1).
-56
1 + (-19 + 25 - 13 - 0) - (4 + -2)
-8
Evaluate 247 - 242 - (-67 - -15).
57
Calculate (-16 - -2 - -2 - (-111 + 92) - 13) + 86.
80
Calculate -96 - (-60 + -32 + 44).
-48
What is -47 + 25 + 41 - (4 + 1)?
14
What is 29 - (1 + 0 + (93 - 92) - 4)?
31
42 + 0 - ((291 - 235) + 25)
-39
-8 + 20 + (15 + -36 + 19 - (-1 - -9))
2
What is the value of -21 - (8 + -3) - (538 - 581)?
17
Calculate ((17 - 8 - 12) + -1 - (-1 + 8)) + -10.
-21
What is the value of 136 + (-2 - (-11 - -26 - (0 + 4))) + -5?
118
(23 - -41 - 43) + -80
-59
What is the value of 4 - ((2 - (4 - 0) - 2) + (38 - 35))?
5
Calculate -33 - ((-1 - -9) + 3) - -21.
-23
Evaluate -207 + (157 - (149 + -142)).
-57
Evaluate -36 + 124 + -53 + -39.
-4
Calculate (-11 - 0 - ((-173 - -206) + (-43 - -5))) + -67.
-73
What is the value of -9 + (7 - (24 + -11 + 18)) + 11?
-22
Evaluate (-3 - -4) + (-1 + 3 - -54).
57
237 + 148 + -372 - (74 + -2 - 1)
-58
8 + 10 + (-117 - -93 - (-1 + -2 + 0))
-3
-3 - (-7 - 4) - (1576 + -1597)
29
4 - -1 - (-131 + 110 + (65 - 1)) - 7
-45
What is the value of -40 + (48 - 16) + -37?
-45
Calculate -30 - -2 - (-194 - -175) - 21.
-30
Calculate (80 - 1) + -76 + 85 + (-10 - 4).
74
Evaluate 1 + 81 + -30271 + 30173.
-16
-1 + 0 - (-5 - (0 - (-2 - 1))) - 5
2
Evaluate 58 - 46 - 18 - 6.
-12
(-118 + 111 - (0 + 14)) + 6
-15
What is -59 - (6 + (-21 - -3) + -9 + 11 - -8)?
-57
-23 + -1 + (-12 - (37 + -64)) - 77
-86
What is the value of -8 + (52 + -49 - (-7 - -1))?
1
What is the value of (19 - (36 - -7 - 20)) + -118 + 6 + 4?
-112
What is the value of -94 + 10 - (6 + 6 - (14 + (3 - 9)))?
-88
Evaluate (-29 - -7) + 6 + 0 - 7 - -14.
-9
What is the value of 23 - (-42 + 39 - -3)?
23
-3 + (-10 + 6 - 4) - (1 + -18)
6
What is 15 + -6 + 5 - -8 - 3?
19
Evaluate (22 - -38 - 17) + 8 + 5 + 1.
57
What is the value of 16 - 12 - 11 - -8 - (18 + -38)?
21
Calculate -21 + -14 - (-2 - (1 - 5) - (-35 + 29)).
-43
What is the value of -2 + 38 + (-56 + 0 - -34)?
14
7 + (-5 + -3 - (-54 + 14))
39
Calculate -26 + 1 + (-11 - -7) + -23 + (-7 - -24).
-35
What is the value of -5 + -72 - (-411 + 393)?
-59
What is the value of -21 - (-2 + -13 + 52)?
-58
Evaluate -55 - 2 - -54 - 38.
-41
What is (-44 - 0) + (5 - 3) + 0 - (-31049 - -31047)?
-40
Evaluate 108 - 103 - (-11 - (2 - (-6 + 6))).
18
Calculate 40 - (26 - (20 + -4) - (-3 - -8)).
35
(9 - -124) + (-12 - (4 - -20))
97
(1 - (-2 + 10 - (-67 - -63))) + -28
-39
(0 - 10) + -1 + (3413 - 3409) + (-1 - 13)
-21
What is (11 - 0) + (68 + -180 - -97) + (-49 - 3)?
-56
Calculate -1 - (-3 + (-9 - -21)) - (-7 + -1).
-2
Calculate -7 - (13 + -40 + -24).
44
What is the value of (6 - 64 - -51) + (2 - -48)?
43
24 - ((-16 - -23 - -8) + 25 + 36)
-52
Evaluate 28 - (-7 + 3 - -4) - (262 + -279).
45
What is 3 + (88 - (4 + (1 - 10) - 7 - -5))?
98
What is the value of -4 - (-10 + (-1 - -8) + -2) - -2 - 41?
-38
Calculate -9 - (1 - 5 - 20 - -12) - -85.
88
Calculate (11 - (-4 + -16)) + 8 + 68.
107
What is the value of -122 + 204 + (21 - 63)?
40
Calculate -47 + 25 + 31 + 3.
12
39 - (26 - 28 - 42) - -26
109
Evaluate 91 + -97 - (37 + (-6 - 8)).
-29
41 + (4 - (3 + 0) - 2 - (-67 + 71))
36
Evaluate 51 + -5 + (-9 - (12 + -17 - -7) - -8).
43
What is (-14 - 0) + -2 + (654 - 656)?
-18
What is (108 - 121) + (5 - -33)?
25
What is the value of 15 - 0 - (1 - (-94 - -101))?
21
Calculate -64 + (11 - 12) + 262 + -237.
-40
-26 - (-136 + 134 + (1 - -20) - 11)
-34
Calculate -49 - (57 + -18 - 81).
-7
(-56 - -1) + 84 + -30
-1
What is -20 + -59 + (-31 - (-15 - -1))?
-96
What is the value of -1295 + 1348 + 44 + -3?
94
Evaluate -25 + (15 + (-9 - (15 + 2)) - -4).
-32
(0 + 7 - (-31 + 35)) + -9 - -13
7
What is the value of (-4 - -57) + 7 - (-9 + 14 + -2 + 1)?
56
What is (-30 + 8 - -63) + (5 - (5 - -4 - 4))?
41
Calculate (-17 - -1) + 46 - -2 - ((9 - 1) + -5).
29
What is the value of 44 + 61 + -54 - 22?
29
-11 + 7 + -11 + 9 + 13
7
What is -19 + -1 - (1 - 3) - (-486 + 492)?
-24
(7 - -46) + -20 - (2 + 25)
6
Calculate 55 - (-12 + -4 - (33 - 11 - 27)).
66
Calculate -4 + (8 - -15) + -35 + (7 - -1 - 3).
-11
Calculate (-15 - (-10 - 20)) + (1 - 5) + 42.
53
What is 33 + (-15 - 24) + 43 - -80?
117
What is (-37 - 17) + 21 + 16?
-17
Evaluate (5 - -5) + 10 - (196 + -108).
-68
Calculate -1 + 1 - ((1 - -6) + 112 + -109) - 1.
-11
(8 - 1) + (462 - 447) + -69
-47
What is the value of -2 + (-2249 + 2245 - ((0 - 1) + -30))?
25
(-22 - (12 + -7 - 25)) + 29 + -4
23
(68 - 165) + 12 - (-4 - -2 - (-15 - -2))
-96
-1 + 24 + -54 + -13 + 66 + 5
27
Calculate -2 + 6 - 15 - (22 + -2).
-31
Evaluate 88 + (-79 - 6 - 10).
-7
Calculate -279 + 310 + -2 + -9.
20
What is the value of 3283 - 3171 - (44 - (-3 + 7))?
72
Evaluate 98 - ((82 - -38) + -99).
77
(0 - -1) + 19 + (61 - (99 + -29))
11
-7 + -40 + 33 + 6 + 0 + -24
-32
What is -2 + (12 - (17 + 0)) + 15 + -30?
-22
(41 + (-3 - 22) - -6) + 21
43
What is the value of 107 - (10 - (-69 + -32 + 78))?
74
What is 12 + (-49 - -27) + 65 - -12?
67
57 - (-22 + 43) - (-6 - ((-7 - 5) + -4))
26
What is the value of (289 - 311) + (-6 - -43)?
15
What is -5 + -2 + (10 - -5 - (-9 - 8 - -53))?
-28
What is the value of -4 - (0 - (-17 - -10)) - ((15 - 10) + -138)?
122
Calculate (-19 - (20 + -20 + (14 - -6))) + -19.
-58
What is the value of -263 + 239 + -100 - -197?
73
Calculate -15 + -13 + 25 + (-1 - 0) + (-35 - 68).
-107
Calculate -7 + 9 + 11 + (37 - (-6 - -13)).
43
What is -7 - -3 - (3 - 37 - -38)?
-8
What is the value of 4 - -8 - 8 - (38 + -48 - (6 + -15))?
5
34 + -6 + 25 + -45
8
Evaluate (-4803 - -4763) + 27 + -3.
-16
What is the value of 35 - (-5 + (11 - (0 + -1)) + -15 + 18)?
25
-44 + 172 + -61 + -120
-53
Calculate -78 + (158 - (-45 + 132)).
-7
What is the value of 71 + 28 + (-3 - (3 - -24))?
69
-8 + 20 + (-46 - (-12 - -5))
-27
Calculate (2 - 5 - 9) + (5 + -8 - -9 - -104).
98
-90 + (60 - -33) - 2
1
Calculate (-80 - -64) + 49 + 0 + (-4 - 2).
27
Calculate -784 + 754 + -10 + 4 + 4.
-32
(2 - (9 - -14)) + -13 + 20
-14
What is the value of -28 - (66 - ((106 - 36) + -20))?
-44
Calculate 3 + (1 + -1 - 24) - (69 + -60).
-30
Calculate 9 + (-162 - -175) + 0 + 26.
48
What is -24 + -6 + (-6 - 13) + 22?
-27
What is the value of 10 + -2 + -3 + 127 + -123?
9
Evaluate 94 + 1 + ((-40 - -14) + 11 - -9) - 3.
86
Evaluate 50 - 13 - (187 - 171).
21
71 + -95 - (38 - 29)
-33
Calculate 87 - 1 - (-149 + (-141 - -248)).
128
What is the va